on divisor of u and 30?
30
Let k(m) = m**2 + 33*m - 101. Let g be k(-36). Suppose 3*i - 90 = -g*i. Let f be ((-12)/14)/(2/(-14)). What is the highest common factor of i and f?
3
Let d be (-67)/(-5) + (-16)/40. Let p = d - 10. Suppose -3*k - 8*k + 231 = 0. What is the highest common divisor of p and k?
3
Let y = -119 - -130. Let h(o) = -o**3 + 10*o**2 + 8*o + 43. Let z be h(y). Calculate the highest common divisor of z and 10.
10
Let r be 8/(2 + 6) + 5. Let a be r - (-7 + (-24)/(-8)). Calculate the highest common divisor of a and 215.
5
Let s = -31 - -33. Let g be 2*s/(-2) + 26. Suppose -6*k + g = -0*k. Calculate the greatest common factor of 20 and k.
4
Let r = 116 - 116. Suppose -i + 4*a - 17 = 0, -4*a + r = -8. Let b be (-3)/(i/(-6)) + 15. Calculate the greatest common divisor of b and 143.
13
Suppose 21*i = 26*i - 15. Suppose i*z + 652 = 5*z. Let j be z/10 - (-18)/45. Calculate the greatest common factor of j and 33.
33
Suppose -25*w = 53*w + 66*w - 312336. What is the highest common factor of 36 and w?
9
Let z(n) = n**2 + 1. Let q(s) = -s. Let a be q(-8). Let l = 1 - a. Let r be z(l). Calculate the highest common factor of r and 150.
50
Let y be 30/8 + 3/12. Let s be (0 - (-12)/(-9))/((-16)/(-24)). Let d be ((-160)/(-60))/(s/(-33)). What is the greatest common factor of d and y?
4
Let t = -22 + 24. Suppose 0 = t*b - 44 - 40. Let h be 10/(-15)*((-138)/4 + 3). What is the highest common divisor of h and b?
21
Let t = -41 - -245. Suppose 1739*i = 1730*i + 1224. What is the highest common factor of i and t?
68
Suppose 6 + 0 = 2*u - 4*l, -5*u + 24 = -l. Suppose 0 = -0*y - 5*y - 45. Let z be (-4)/(-3) - (-3)/y. Calculate the greatest common divisor of u and z.
1
Let f(b) = -1557*b - 795. Let i be f(-3). What is the greatest common divisor of i and 612?
204
Let i = 43 - 44. Let a be i + -2 + 2*428/8. Let s = a - 54. What is the greatest common factor of s and 20?
10
Let q = -14 - -70. Let z = 293 + -148. Let w be (-1)/2 - z/(-10). What is the highest common factor of q and w?
14
Let d be (-1)/((3/33)/(-1)). Let c be 34 + -2 + d + -8. Let q(y) = 15*y**2 - 1. Let j be q(-1). Calculate the highest common factor of c and j.
7
Let m be -4*2/(8/(-22)). Let c(f) = -38*f - 1582. Let r be c(-48). Calculate the highest common divisor of r and m.
22
Let j be 333/((-4)/48*-4) - (0 + 3). Calculate the greatest common factor of j and 24.
12
Let h = 17484 + -14589. What is the highest common divisor of 15 and h?
15
Suppose -4496 = -z + l, 5*z - 3*l - 10407 = 12069. What is the greatest common divisor of z and 21?
21
Let w be (-12)/27 - ((-40141148)/(-153))/(-19). Calculate the highest common factor of 80 and w.
16
Let g(d) = 11*d + 1. Let y be g(1). Let f = -70 - -75. Suppose 26 = f*p - 154. What is the greatest common factor of p and y?
12
Let n(s) = -410*s - 1128. Let l be n(-3). What is the greatest common factor of 2822 and l?
34
Suppose 145351 = 45*f - 148364. What is the greatest common factor of 107 and f?
107
Suppose -384 = j - 3*j. Suppose 2*l + 13 = -h + 12, -l - h = 3. Let c be l/14 - (-9 - (-336)/(-49)). What is the highest common divisor of j and c?
16
Let t = 34 + 81. Let j = -60 + 83. What is the highest common divisor of t and j?
23
Suppose 0 = 85*a - 1705 - 2099 - 1296. Calculate the highest common factor of 5190 and a.
30
Let z(i) = 2*i**3 + 2*i**2 - 35*i - 10. Let l be z(5). Suppose 25*s - 966 = 11*s. What is the highest common factor of s and l?
23
Suppose 272 = -25*q + 29*q. Let h = q - 66. Suppose 3*o - o - 5*m + 8 = 0, h*m - 4 = 0. What is the highest common factor of o and 10?
1
Let m be (((-2)/(-3))/(-1))/((-7)/147). Let d(h) = 576*h - 72. Let t be d(1). Calculate the highest common factor of t and m.
14
Suppose 2*m - 4*m + 7 = u, -3*u + 3 = 0. Suppose -t + 7 = m. Suppose -3*o + 155 = 2*p - 4*o, t*p + 5*o = 317. What is the highest common factor of 13 and p?
13
Suppose -2*a = -78 - 38. Suppose -s + a = 54. What is the greatest common factor of 128 and s?
4
Let f = 10389 + -9989. Calculate the greatest common divisor of f and 15.
5
Let r(x) = 167*x - 1308. Let a be r(8). What is the greatest common factor of a and 1183?
7
Let m = 14 - 7. Suppose -5*h + 3*c + 787 = 0, 0 = h + 2506*c - 2511*c - 131. Calculate the greatest common divisor of m and h.
7
Suppose 478 + 529 = -5*t - 2*f, -4*f - 205 = t. Let r = t + 273. What is the greatest common factor of r and 27?
9
Let t be ((-3)/(-6))/((-5127)/1026 + 5). Let z be (-20 + 22)*(-18)/(-4). What is the highest common factor of z and t?
9
Let n = 24967 - 24935. What is the greatest common factor of 46912 and n?
32
Let q be ((-4)/(-40)*95/(-38))/((-2)/8). What is the greatest common factor of q and 65?
1
Let d = 520 - 114. Suppose -d = -53*s + 124. Let n(r) = -r. Let m be n(-1). What is the greatest common factor of s and m?
1
Let c be (-10)/15*(-162)/4 - -1. Suppose -5*q + 25*m - 24*m + 47 = 0, 0 = 2*q - 5*m - c. What is the greatest common factor of 108 and q?
9
Suppose b = -9*q + 2779, -3*q = -83*b + 88*b - 959. Let v(m) = -70*m**3 - m**2 + 1. Let w be v(-1). Calculate the highest common factor of w and q.
14
Let r be (-6162)/(-5) - (-6)/(-15). Suppose 4*u = 4*p + 704, p + 328 - r = -5*u. Suppose -2*f = 2*f - u. Calculate the greatest common factor of f and 9.
9
Let z(y) = 2*y**2 + 25*y + 96. Let f be (-1269)/243 + (-2)/(-9). Let u be z(f). Calculate the greatest common factor of u and 315.
21
Suppose -3*y + 11*m + 88 = 7*m, -4*y + 108 = -3*m. Suppose 3*s + 5 = -106. Let z = s + 53. What is the greatest common factor of y and z?
8
Let p be (18573/(-164))/(6/(-8)). What is the greatest common factor of 4832 and p?
151
Let q = 162 + -95. Let h(v) = 3*v**3 + 2*v - 11. Let s be h(3). Suppose -s = -4*t + 4*y, y + 0*y = 4*t - q. Calculate the greatest common factor of t and 12.
4
Suppose -4*i + 14 + 754 = 0. Suppose 86*q - i = 83*q. Calculate the highest common divisor of q and 48.
16
Let m = 4 - -106. Let d be 10/3*(9 - 6). Calculate the greatest common divisor of d and m.
10
Suppose -c + 3*q = -2*c + 190, -570 = -3*c - 15*q. Calculate the highest common divisor of c and 130.
10
Suppose -8*s = -111 - 361. Let q be 14434/35 - (-18)/30. What is the greatest common factor of q and s?
59
Let j(l) = -4*l**3 - 2*l**2 - 2*l. Let f be j(3). Let g be -5 + f/(-30) + (-54)/(-15). Suppose 2*m + 114 = g*m. What is the greatest common divisor of 6 and m?
6
Let h = -628 + 1020. What is the greatest common factor of 48 and h?
8
Suppose -16*m - 11 = -5*m. Let w be (m*16/32)/((-2)/1056). What is the highest common divisor of w and 33?
33
Let d(v) = -v**3 - 7*v**2 + 8*v + 26. Let w be d(-8). Let x = w - -4. Calculate the highest common factor of x and 80.
10
Suppose -5*t - 8*t + 7150 = 0. Suppose 199*v - 194*v = t. Calculate the highest common divisor of 88 and v.
22
Let f be (6 + -1)*55/11. Let s(a) = 2*a - 45. Let k be s(f). What is the greatest common divisor of k and 45?
5
Let f be 12/(-30)*(-25 - 0). Let z(r) = -2864*r - 14 + 2867*r + 59. Let t be z(0). What is the highest common factor of f and t?
5
Let u(w) = -12*w - 6. Let z = -15 - -17. Suppose -6 = 4*k - z*k. Let v be u(k). Calculate the highest common divisor of v and 3.
3
Let u(r) = -20*r + 88. Let w be u(6). Let p be 2*1*w*(-9)/36. Suppose 4*d - 272 = 3*d. What is the greatest common factor of p and d?
16
Let b = 1887 - 1266. Let o be (-32)/(-4480)*3395 + (-15)/12. What is the greatest common divisor of o and b?
23
Suppose -27*j + 29711 = 46*j. Calculate the highest common factor of 11 and j.
11
Let k = -31 - -32. Suppose 0 = j + k, -6*l + 5*j = -9*l - 2. Suppose 3*x - l = 8. What is the highest common divisor of x and 12?
3
Suppose 27*s - 169 = 24*s - 4*b, -b + 4 = 0. Suppose -3*p = 3*p - 36. Calculate the highest common factor of s and p.
3
Let n be -78*(3 - 1)/((-100)/125). What is the highest common divisor of 507 and n?
39
Let o be 1/13 + (-9)/4 + (-2349)/(-52). What is the greatest common factor of o and 22489?
43
Suppose 3*n - 4*x - 38 = 0, 3*x + 21 = 2*n - 3. Let k be -4*-2*(-39)/(-24) - -3. Suppose 2*s - 164 = k. Calculate the highest common divisor of s and n.
18
Suppose 5*b - h - 178 = 0, 7*h = b + 9*h - 40. What is the highest common divisor of b and 660?
12
Let y be 20*(-5 - (-55)/10). Suppose -y*r = -22*r + 252. What is the highest comm